0
Let z(k) = k**3 - 6*k**2 - k + 6. Let h be (-14)/2 + 9 + (10 - 7). What is z(h)?
-24
Let o(n) = -21*n**2 + 51*n + 4. Let s(t) = 13*t**2 - 34*t - 2. Let q(w) = 5*o(w) + 8*s(w). Determine q(-18).
-14
Suppose -8 - 6 = -7*k. Let u(j) = 2*j - k + 5 + 4 - 5. Determine u(-6).
-10
Let p(w) = -w**2 + 31*w + 184. Let g be p(-5). Let t(d) be the third derivative of -13/6*d**3 - 1/24*d**4 + g*d**2 + 0*d + 0. Determine t(-6).
-7
Suppose 4*b = 0, 5*b = -5*x + 7*x - 6. Suppose -3*v - 2*r = 25, -x*r = -4*v - 6 + 1. Let i(s) = -1. Let n(y) = -y - 9. Let q(j) = -3*i(j) + n(j). Give q(v).
-1
Let y(l) be the second derivative of l**3/2 + 49*l**2/2 - 700*l. Give y(-15).
4
Let r(c) = -c**2 + c + 3. Let y be -1*2/23 - (-50)/575. Determine r(y).
3
Let r(j) = 13*j**2 + 3*j - 4. Let o(u) = 5*u**2 - u. Let s(i) = 3*o(i) - r(i). Determine s(5).
24
Suppose -11 + 35 = -3*f. Let n(k) = -11*k**2 - 34*k + 5. Let c(w) = -7*w**2 - 22*w + 3. Let x(v) = f*c(v) + 5*n(v). Give x(-7).
8
Let s(t) = 2*t + 1. Suppose -2*j - 2 = -h + 10, -2*h + 27 = -3*j. Suppose 0 = -5*y - q + 34, -y + h = -11*q + 14*q. What is s(y)?
13
Let j = 40 - 45. Let f be (2 + 1)/(-1 + 2). Let z(v) = -7 + 4*v - v**3 + v**2 - f*v**2 - 2*v**2. Determine z(j).
-2
Let q(o) be the second derivative of -o**4/24 - o**3/2 + 99*o**2/2 + o + 2. Let j(b) be the first derivative of q(b). What is j(9)?
-12
Let p(s) = -s - 20. Let a be -2 + 4 + ((-4)/1 - -2). Suppose a = 6*f + 19 + 41. What is p(f)?
-10
Let t(l) = l**2 + 10*l + 9. Let i be t(-9). Let c(z) = z + 154. Let d(q) = -6*q + 305. Let n(p) = -2*c(p) + d(p). Give n(i).
-3
Suppose 0*t + 4*t + 3*c = 15, c = -5*t + 16. Let b(r) = 0 + 12 + 4*r - 2 + t*r - r**2. Let n be 2/11 + 86/11. Determine b(n).
2
Let b be -2*((2 - 3) + (-27)/(-9)). Let j(s) = 2*s**3 + 9*s**2 + 2*s - 6. Calculate j(b).
2
Let a(u) = u**3 + 5*u**2 - 2*u + 7. Let g(y) = y**3 + 104*y + 6 + 4*y**2 - 201*y + 95*y. Let p(i) = 4*a(i) - 5*g(i). Give p(-3).
19
Let l(s) be the first derivative of s**3/3 + s**2/2 - 4*s - 31. Let z be l(2). Let j(i) = 1239*i + 2*i**3 - i**z - 1238*i - 3*i**3. Determine j(2).
-10
Suppose -30 + 6 = -6*b. Suppose 0 = -b*j - 26*j. Let x(n) = -n**3 - n**2 - n - 4. Calculate x(j).
-4
Let z(t) = -t**2 + 14*t - 18. Let u be z(11). Suppose i - u = -2*i. Suppose -i*o - 25 = 0, -6*o = 5*g - 2*o + 25. Let y(q) = -6*q + 1. Determine y(g).
7
Let i = -4 + 5. Let p(r) be the third derivative of 1/30*r**6 - 183*r**2 + 0*r**4 - 1/6*r**3 + 0 + 0*r + 0*r**5. Give p(i).
3
Let w(n) = -282*n + 2459. Let i(k) = -1262*k + 11064. Let z(m) = -5*i(m) + 23*w(m). Give z(7).
5
Let v(y) be the first derivative of -y**4/4 - 5*y**3/3 + y**2 - 3*y - 1827. Let s be ((-3)/(-2))/(12/72). Let f(a) = -2*a + 13. Let u be f(s). Calculate v(u).
-13
Let p(s) = 18*s**2 - 5*s - 8*s**2 - 1 - 9*s**2. Suppose 6*y - 9*y + 13 = -t, -2*t + 10 = 0. What is p(y)?
5
Let u(f) = f**2 - 3*f + 3. Let x(d) = -2*d**2 - 13*d - 10. Let r be x(-9). Let h = r + 30. Let y = h + 30. Calculate u(y).
13
Suppose 4*s = 3*y - 169, -151 + 456 = 5*y + 5*s. Let m = y - 52. Suppose 6 = m*t - 36. Let n(j) = j**3 - 6*j**2 - 2*j - 8. Give n(t).
-20
Let d(j) be the second derivative of -j**4/12 - 4*j**3/3 - 3*j**2/2 - j. Let q be (0 + (-39)/3)*-1. Suppose 3*n + q + 8 = 0. Give d(n).
4
Let f(g) be the first derivative of g**4/4 + 2*g**3 + 2*g**2 + 2*g + 2. Let w be ((-910)/(-28))/(-13) - 35/10. Give f(w).
-22
Let s be (-2)/4 + 14/4. Suppose 23*c - 21 = 2*c. Let i(y) = 2*y + 4*y + 0 + 11*y - c - 15*y. Calculate i(s).
5
Let s(m) = -7*m - 12. Let a(q) = -4*q - 7. Suppose -2*x - 6 = 4*r, 5*x + 4*r + 31 = 8*x. Let k(c) = x*a(c) - 3*s(c). Let y = 9 - 5. Determine k(y).
5
Suppose 0 = x - 5*m + 18, 8*x + 5*m - 22 = 7*x. Let d(r) = 151 + x*r + 154 - 311. Calculate d(4).
2
Suppose -4*m + 5*m - 5*i + 8 = 0, 8 = 5*m - i. Let t(q) = 1 + 75*q + q**3 + 0*q**2 - 2 + q**m - 78*q. Let u = -11 + 8. Determine t(u).
-10
Let m(q) be the second derivative of -q**5/20 - q**4/4 - q**2 - q. Let p = 1439446 - 1439448. Give m(p).
-6
Let u(i) = 9*i**2 + 21*i + 5. Let j be u(-5). Suppose j*q - 9 = 128*q. Let l(v) = 2*v**3 + 5*v**2 + 2*v + 1. Calculate l(q).
-14
Let x(s) = 46*s - 94. Suppose -4*d = 9*w - 13*w + 28, -22 = -w + 4*d. Give x(w).
-2
Let k(j) be the third derivative of -j**6/120 + 11*j**5/60 + 5*j**4/12 - 7*j**3/3 - 16*j**2 + 8*j. Determine k(12).
-38
Let v(b) be the first derivative of 4/3*b**3 + 0*b + 19 + 5/2*b**2 - 1/4*b**4. Calculate v(5).
0
Let i(q) = -q**2 + 22*q - 132. Let n be i(10). Let a(r) = r**2 + 14*r + 19. Calculate a(n).
-5
Let z(a) = -a + 16 - a + 3*a. Let g = 32972 + -32981. Give z(g).
7
Suppose 0 = -0*v - 3*v + 6. Let b be (9 - 1)/v + (-20)/20. Let r(i) = -5*i**2 - 2*i**3 + 3*i**2 + 3*i**b - i + i**2 - 4. Determine r(3).
11
Let g = -1228/7 + 7375/42. Let r(n) be the second derivative of g*n**3 + 7/2*n**2 + 0 + 2*n. What is r(-6)?
1
Let x(u) be the second derivative of -u**6/720 - 125*u**4/6 - 33*u. Let s(i) be the third derivative of x(i). Give s(3).
-3
Suppose 5*g - 9 = -8*l + 10*l, g - 3*l - 7 = 0. Let r be ((-14)/21)/(2/(-12)). Let w(n) = r*n**2 + g - 106*n + 4*n**2 + 107*n - 2*n**2. Give w(-1).
6
Let g(n) = n**2 - 4*n - 11 + 3*n + 12. Suppose 3*x - 323 = 2*w - 132, 5*x = -w + 327. Let p = 65 - x. Calculate g(p).
1
Let v(o) = 2*o**2 + 2*o + 1. Let m be -3 + (-2118)/(-7) + 72/168. Suppose -m*i - 2 = -301*i. Determine v(i).
13
Let c be 2205/40 + (-1)/8. Let d(x) = x**2 + 55*x - c*x + 1. Let q(g) = -g**2 - 11*g + 60. Let r be q(-15). Calculate d(r).
1
Let k(f) = 3*f - 3. Let z(c) = -5*c**2 - 22*c + 49. Let x be z(3). Let s be 2/1*(-177)/6. Let m = x - s. Determine k(m).
-12
Let u(q) = -2*q - 1. Let b(i) = 4. Let a(w) = 7*w + 1. Let g(j) = a(j) + b(j). Let t(h) = g(h) + 4*u(h). Give t(3).
-2
Let t(f) = f**3 + 4*f**2 - 5*f - 7. Let l be t(-5). Let k(s) = 5*s - 1734. Let z(g) = 3*g - 577. Let p(x) = k(x) - 3*z(x). Calculate p(l).
25
Suppose 4*f = 33 - 65. Let q(x) = -3*x + 8. Determine q(f).
32
Let h(y) be the third derivative of y**7/630 + y**6/720 + y**5/60 - 26*y**3/3 - 23*y**2. Let f(o) be the third derivative of h(o). Calculate f(-3).
-23
Let q(k) = -416*k + 201*k + 201*k + 57. Determine q(4).
1
Let h(i) = i**2 + 3*i + 3. Let m(n) = n + 25. Let b be m(-7). Suppose -b*x - 25 = 11. Give h(x).
1
Let v be ((-6)/(-5))/((-48676)/3440 + 14 + 0). Let y(s) = -11*s - 61. Calculate y(v).
27
Let b(w) = 2*w**2 - 18*w + 8. Suppose -30*n + 6 = -27*n. Let g(f) = -6*f + 20. Let x be g(n). Determine b(x).
-8
Let t(x) = x**2 + 12*x + 26. Suppose 1793*r - 26 = 1795*r. Calculate t(r).
39
Suppose 91*f - 24*f = -268. Let v be (0 + 1/2)*2. Let g(q) = 17*q**2 - v - q**3 - 1 + q - 20*q**2. Calculate g(f).
10
Let f(u) = -9*u**2 - 21*u - 10*u + 42*u + u**3 + 5 - 10*u - u**2. Determine f(10).
15
Let z be (5/(-5) - -4)/(6/4). Suppose -4*j - 5*v - 17 = 0, 14 + 0 = z*j - 2*v. Let u(i) = i**3 - i**2 + i**2 + j*i**2 + 0*i - 2*i. What is u(2)?
12
Suppose -a - 2*r - 302 + 296 = 0, -a = 3*r + 2. Let q(u) = 2*u**2 + 29*u + 6. Calculate q(a).
-8
Let a = -9 - -9. Suppose -2*v - 2*v + 12 = a. Let q(m) = -2*m**3 - m**3 - m**2 - 6*m + 2*m + 4*m**3 - 1. Calculate q(v).
5
Let s(t) = -19*t + 97. Let i(l) = -29*l + 155. Let w(v) = 5*i(v) - 8*s(v). Suppose -3*d - 5 - 18 = -4*g, -3*d + 12 = 3*g. Calculate w(d).
-8
Suppose -u = -0*h - 3*h - 2, -3*h + 100 = 5*u. Suppose 2*s = z - 6, 5*s - 2 = -u. Let v(y) be the first derivative of y**3/3 + 3*y - 4261. Give v(z).
3
Let h(z) = -28*z + 60. Let n(k) = 28*k - 33. Let b(x) = -3*h(x) - 2*n(x). Determine b(4).
-2
Let x(o) = o**3 + 30*o**2 - 64*o + 22. Let f(d) = -4*d**3 - 80*d**2 + 89*d + 73. Let w be f(-21). Give x(w).
22
Let w(q) = -390*q**2 + 1172*q - 16. Let h be w(3). Let y(g) = 19*g + 17. Let s(i) = -9*i - 8. Let m(z) = -13*s(z) - 6*y(z). What is m(h)?
-28
Let g(b) = 2*b**3 + 9*b**2 - 11*b - 4. Let r(d) = -7*d**3 - 28*d**2 + 34*d + 10. Let o(k) = -10*g(k) - 3*r(k). Calculate o(5).
25
Let j be 3/(2 - (4 + -1)). Suppose m = i - 11, -2*i - 4*m - 32 = -4*i. Let u(t) = 11 - 3 - 9 + i*t + 2. Give u(j).
-17
Let r be 12/15*6/((-30)/(-25)). Let v(s) = 6 - r*s + 3 + 0 + 3*s - 7. Determine v(-4).
6
Let w(t) = 6 - 4242*t + 4 + 4245*t. Determine w(-7).
-11
Let k be -1 - 88 - (-60)/(-20). Let b = 1 + k. Let v = b + 92. Let x(j) = 5*j**3 + j**2 - j. Determine x(v).
5
L